 be r(-2). List the prime factors of (165/b)/(1/(-5)).
3, 11
Let d(x) = -x + 13. Let p = 9 + 2. Let r be d(p). Suppose 3*o = r*o + 6. List the prime factors of o.
2, 3
What are the prime factors of 18 + 0/(-3 + 4)?
2, 3
List the prime factors of 6/(-3 - 210/(-68)).
2, 17
Let k be (9 + 0)/((-1)/3). Let f = k - -44. List the prime factors of f.
17
Let m(k) = 2*k - 10. Let t be m(6). Suppose -t*x = -5*f + 103, f + 4*x + 80 = 5*f. What are the prime factors of f?
3, 7
Let k be (3 - 1)/(1/(-4)). Let f = 20 + k. What are the prime factors of 102/8 + 3/f?
13
Suppose 2*i = -4*x + 36, -i = -3*x - 1 + 8. What are the prime factors of i?
2
Suppose -m + 18 = m. Suppose 33 = 4*k + m. List the prime factors of k.
2, 3
Let c be (-5)/2*6/(-5). List the prime factors of 39*(-1)/(-9)*c.
13
Let i(z) = -z - 5. Let f be i(-7). Let h be ((1 + -7)/f)/(-1). Suppose s - 35 = -4*t + h, -55 = -5*t - 5*s. List the prime factors of t.
3
Let i(r) = -r + 8. Let a be i(6). Suppose 54 = -a*v + 5*v. Let k = -11 + v. List the prime factors of k.
7
Suppose 0*y + 293 = y - c, -4*y - 4*c + 1180 = 0. What are the prime factors of y?
2, 3, 7
Let d(s) be the first derivative of -s**3/3 + 5*s**2 - 3*s - 1. Let n be d(10). List the prime factors of ((-2)/n)/(16/408).
17
Suppose -4*w + 2*s + 250 = 0, s - 248 - 75 = -5*w. What are the prime factors of w?
2
Let b = 233 + -121. List the prime factors of b.
2, 7
Let d = -164 - -325. List the prime factors of d.
7, 23
Suppose -4*b = -6 - 18. List the prime factors of b.
2, 3
Let h be (2 + -3)*0/2. Suppose h = 2*f - 16 + 6. Suppose -f*z + 5 + 10 = 0. What are the prime factors of z?
3
Let t(i) = 6*i - 35. Let l be t(10). Let z = -32 - -16. Let d = z + l. List the prime factors of d.
3
Let b = -154 + 109. What are the prime factors of b/(-12) - 1/(-4)?
2
Suppose -2*p - 2*m + 151 = p, 10 = 5*m. List the prime factors of p.
7
Let u(a) be the third derivative of a**7/840 + a**6/45 + a**5/20 - a**3/3 - 2*a**2. Let m(n) be the first derivative of u(n). List the prime factors of m(-7).
7
Let s(t) = -4*t - 1. Let m be s(-1). Suppose 2*w + 2*w = 3*g - 59, m*w = -4*g + 87. List the prime factors of g.
3, 7
Let c(d) = -2*d - 29. Let t be c(-13). Let i(x) = -x**3 + x**2 - x + 5. Let q be i(0). Let k = t + q. What are the prime factors of k?
2
Suppose 3*y = 17 + 13. Suppose y + 16 = 2*n. List the prime factors of n.
13
Let p = -1 + -4. List the prime factors of p*((-4)/(-2) + -3).
5
Let i be 42/9 + (-2)/3. Let m be (-3)/((-6)/7)*i. Let w = m - 9. List the prime factors of w.
5
List the prime factors of (-1003)/(-8) + 3/(-8).
5
Suppose 5*y + 106 = 4*d, 2*y - 62 = 2*d - 4*d. Let i = d - 19. What are the prime factors of i?
2, 5
Let a be (-8)/(-2) + -1 + -2. Let k = 1 - a. Let z = 3 + k. List the prime factors of z.
3
Suppose -2*p = -i - 4*i + 9, 2*p + 3*i = 15. Suppose -v - p*v + 5*y = -110, 4*v - 118 = y. List the prime factors of v.
2, 3, 5
Let f(o) = -o**3 - 8*o**2 + 2*o + 7. Let r be f(-8). Let d = 42 - r. Suppose -3*w + 22 = 4*c, d = 4*w + c - 0*c. What are the prime factors of w?
2, 7
Let o be 0 - (-2 + 0/2). Suppose -4*h - o*h + 30 = 0. What are the prime factors of h?
5
Let u be 18/2*(-2)/(-6). Let r(m) = -2*m**2 - 2*m**2 + m**2 + 4*m**2 - 2. What are the prime factors of r(u)?
7
Let s(b) = 9*b + 9. Let k(g) = -8*g - 9. Let f(z) = 4*k(z) + 3*s(z). List the prime factors of f(-6).
3, 7
Let s be (-1)/((-2)/38) + 0. Suppose -5*o = -6 - s. Suppose o*j - 29 - 21 = 0. List the prime factors of j.
2, 5
Suppose -16 = -3*s - 5*u - 0, s - 12 = -5*u. What are the prime factors of 6/8*6*s?
3
Let t be (-2)/5 - (-268)/20. Let q be 2/(3/78*2). Let j = q - t. List the prime factors of j.
13
Let j = 10 - 8. Suppose -2*c + 5*c - 40 = y, j*y = -4*c + 50. List the prime factors of c.
13
Let y(i) = -i**2 - 4*i - 9. Let t be y(-6). Let d = t + 31. What are the prime factors of d?
2, 5
Suppose 6 = 3*h - h. Suppose 0*i + 66 = h*i. What are the prime factors of i?
2, 11
Suppose 2*c - 6 = -c. Suppose -c*p + 12 = 2*p. What are the prime factors of p/(-3) + 7 - -2?
2
Let g = -3 - -2. Let u = 8 + g. List the prime factors of u.
7
What are the prime factors of (-1185)/(-45) + 2/3?
3
Suppose 3*y - 11 = -p - 2*y, -y + 13 = 2*p. What are the prime factors of p?
2, 3
Let x = -38 + 59. List the prime factors of x.
3, 7
Let g(a) = a**2 - 2*a + 5. List the prime factors of g(3).
2
Let r = 3 - 12. Let z(o) = -o - 3. List the prime factors of z(r).
2, 3
Suppose -w + t = 0, -5*t + 0*t = 5. What are the prime factors of 3 + w + 42/3?
2
Let q = -2 - -2. Suppose q = 3*d - 6*d + 3. Let f(j) = 9*j**2 - j. What are the prime factors of f(d)?
2
Let n(c) = -c - 14. Let i be n(-6). Let f be (i/(-10))/(1/15). Suppose 3*m - f = 6. List the prime factors of m.
2, 3
Suppose 4*p - 45 = 5*o - 0*o, -o + 15 = 4*p. List the prime factors of (-36)/(-10) + (-2)/o.
2
Suppose 3 + 0 = r, -3*f - 2*r + 54 = 0. Suppose v + 3*v - f = 0. What are the prime factors of v?
2
What are the prime factors of (-326)/(-12) - 3/18?
3
Let w = 12 + -7. Suppose -3*y + 16 = -s, -w*y + 24 = s - 0*s. What are the prime factors of 114/10 + (-2)/y?
11
Suppose -4*d + 496 = -0*d. Suppose -24 + d = 5*l. List the prime factors of l.
2, 5
List the prime factors of -1 + 0 - (-1 + -135 - 1).
2, 17
Let u = 37 - 3. Let f = u + -14. What are the prime factors of f?
2, 5
Suppose 0 = -11*n + 13*n - 814. List the prime factors of n.
11, 37
Let z(x) = -2*x - 9. Let u(l) be the second derivative of -l**3/6 - 4*l. Let c be u(6). What are the prime factors of z(c)?
3
Suppose -2*r - 5*d + 101 = 0, r + 2*d = 3*d + 40. List the prime factors of r.
43
Suppose 11*f = 25*f - 4956. List the prime factors of f.
2, 3, 59
Let o(l) = 3*l - 4. Let c be o(3). Suppose 60 = 3*r - 5*d, 2*d + 81 = c*r - 0. List the prime factors of r.
3, 5
Let d(k) = -2*k + 12. Let n be d(0). Let g = 42 - n. List the prime factors of g.
2, 3, 5
Let l(i) be the third derivative of i**4/8 + i**3/6 - 4*i**2. List the prime factors of l(1).
2
Let c = -12 + 38. Suppose -3*b + 4*i + c = 0, 4*b + 5*i = 20 + 56. List the prime factors of b.
2, 7
Let o(z) = 4*z**3 + 2*z**2 - 1. Let y be o(1). Suppose 0 = 2*l - m - y - 1, l + 4*m = 12. What are the prime factors of l?
2
Suppose 2*i + 0 = 10. Suppose 0 = -r + i*r - 40. List the prime factors of r.
2, 5
Let l(d) = -d**3 + 3*d**2 + d - 1. Let q be l(2). Let x = -1 + q. Suppose x*p - 44 = -p - v, -v + 36 = 4*p. List the prime factors of p.
2
Let m(l) = -l**2 + 4*l + 13. Let y be m(6). List the prime factors of ((-1 + 59)/y)/2.
29
Let t = -6 - -7. What are the prime factors of (2 - 3)*(t + -18)?
17
Let z be (-12)/(-15)*10/(-2). Let l = z + 4. Let y = l + 3. List the prime factors of y.
3
List the prime factors of 71/3 + (4/3 - 1).
2, 3
Let o = 21 + 65. List the prime factors of o.
2, 43
Suppose 0*f + 3*f + y = -3, -5*f + 3*y = -9. Suppose -2*p + 174 - 16 = f. Suppose 24 - p = -5*b. List the prime factors of b.
11
Let o(w) = -4*w - 2. Let y be o(5). Let l = y + 36. Let q = l - -6. What are the prime factors of q?
2, 5
Suppose 3*a - 87 = -4*h + h, 0 = -4*a + 2*h + 134. What are the prime factors of a?
2
Let m be (-25)/(-9) - 6/(-27). Let p(z) = 15*z - 1. List the prime factors of p(m).
2, 11
Let s = 451 + -272. What are the prime factors of s?
179
Suppose -33 = -o - 5. What are the prime factors of o?
2, 7
Let f be 8/10*-2*5. Let a = f + 12. List the prime factors of a.
2
Let r(f) = 4*f - 3. What are the prime factors of r(6)?
3, 7
Let d = -19 + 31. What are the prime factors of d?
2, 3
Suppose -4*f + 11 - 3 = -4*o, 0 = 3*o - 2*f + 4. Let n = 8 - o. List the prime factors of n.
2
Suppose -2*r = -2*p + 6, p + 12 = -p - 4*r. Suppose p = -5*k + 4*a + 32, 2*a - 26 = -3*k + a. List the prime factors of k.
2
Suppose -2*x + 12 = -0*x. Suppose -x*v = -139 + 7. What are the prime factors of v?
2, 11
What are the prime factors of 584/36 + (-2)/9?
2
Suppose 3 = 5*p - 7. Suppose 30 = 4*b + 2*c, -p*c + 3*c = 4*b - 45. What are the prime factors of b?
2, 5
Let d be 2 + (2 + -1)/1. Suppose 7*t + 5 = 12*t. Let p = d - t. List the prime factors of p.
2
What are the prime factors of 25 + (3 + 0)*2/(-2)?
2, 11
Let t(f) = f**3 - 5*f**2 - 5*f + 6. Let y be t(6). Suppose -3*w + 4*w = y. List the prime factors of w.
2, 3
Let y be (-2)/4*(-1 + -11). Suppose 4*n + 2*r -